{"id":669,"date":"2020-07-27T15:33:50","date_gmt":"2020-07-27T15:33:50","guid":{"rendered":"https:\/\/kosmos.ba\/?page_id=669"},"modified":"2020-09-10T12:58:20","modified_gmt":"2020-09-10T12:58:20","slug":"novi-proizvodi-2","status":"publish","type":"page","link":"https:\/\/kosmos.ba\/?page_id=669","title":{"rendered":"Novi Proizvodi"},"content":{"rendered":"\n<p>Mobilni dezinfekcioni tuneli su novi proizvodi dru\u0161tva, nastali u vrijeme pandemije korona virusa kao rezultat tehni\u010dkih mogu\u0107nosti i stru\u010dnog kadra Dru\u0161tva, a u svrhu borbe protiv COVID-19.&nbsp;<\/p>\n\n\n\n<p class=\"has-vivid-cyan-blue-color has-very-light-gray-background-color has-text-color has-background has-medium-font-size\"><a href=\"https:\/\/kosmos.ba\/?page_id=738\">Mobilni dezinfekcioni tunel (MDT \u2013 Kosmos)<\/a><\/p>\n\n\n\n<p class=\"has-vivid-cyan-blue-color has-very-light-gray-background-color has-text-color has-background has-medium-font-size\"><a href=\"https:\/\/kosmos.ba\/?page_id=754\">VIP tunel<\/a><\/p>\n\n\n\n<p>Rije\u010d je o najdjelotvornijoj tehnologiji u \u010di\u0161\u0107enju i dezinfekciji vazduha od virusa, bakterija, ukalupljenih spora, plijesni i drugih organskih spojeva bez zamjene filterskih elemenata i bez nakupljanja patogene mikroflore<\/p>\n\n\n\n<p class=\"has-vivid-cyan-blue-color has-very-light-gray-background-color has-text-color has-background has-medium-font-size\"><a href=\"https:\/\/kosmos.ba\/?page_id=1126\">TIOKRAFT \u2013 fotokataliti\u010dki sistemi za pre\u010di\u0161\u0107avanje i dezinfekciju vazduha<\/a><\/p>\n","protected":false},"excerpt":{"rendered":"<p>Mobilni dezinfekcioni tuneli su novi proizvodi dru\u0161tva, nastali u vrijeme pandemije korona virusa kao rezultat tehni\u010dkih mogu\u0107nosti i stru\u010dnog kadra Dru\u0161tva, a u svrhu borbe protiv COVID-19.&nbsp; Mobilni dezinfekcioni tunel (MDT \u2013 Kosmos) VIP tunel Rije\u010d je o najdjelotvornijoj tehnologiji u \u010di\u0161\u0107enju i dezinfekciji vazduha od virusa, bakterija, ukalupljenih spora, plijesni i drugih organskih spojeva [&hellip;]<\/p>\n","protected":false},"author":1,"featured_media":0,"parent":0,"menu_order":0,"comment_status":"closed","ping_status":"closed","template":"","meta":{"_mi_skip_tracking":false},"_links":{"self":[{"href":"https:\/\/kosmos.ba\/index.php?rest_route=\/wp\/v2\/pages\/669"}],"collection":[{"href":"https:\/\/kosmos.ba\/index.php?rest_route=\/wp\/v2\/pages"}],"about":[{"href":"https:\/\/kosmos.ba\/index.php?rest_route=\/wp\/v2\/types\/page"}],"author":[{"embeddable":true,"href":"https:\/\/kosmos.ba\/index.php?rest_route=\/wp\/v2\/users\/1"}],"replies":[{"embeddable":true,"href":"https:\/\/kosmos.ba\/index.php?rest_route=%2Fwp%2Fv2%2Fcomments&post=669"}],"version-history":[{"count":12,"href":"https:\/\/kosmos.ba\/index.php?rest_route=\/wp\/v2\/pages\/669\/revisions"}],"predecessor-version":[{"id":1240,"href":"https:\/\/kosmos.ba\/index.php?rest_route=\/wp\/v2\/pages\/669\/revisions\/1240"}],"wp:attachment":[{"href":"https:\/\/kosmos.ba\/index.php?rest_route=%2Fwp%2Fv2%2Fmedia&parent=669"}],"curies":[{"name":"wp","href":"https:\/\/api.w.org\/{rel}","templated":true}]}}